
List the prime factors of 1230.
2, 3, 5, 41
What are the prime factors of 7106?
2, 11, 17, 19
What are the prime factors of 5405?
5, 23, 47
What are the prime factors of 866?
2, 433
What are the prime factors of 472?
2, 59
What are the prime factors of 3822?
2, 3, 7, 13
List the prime factors of 61194.
2, 3, 7, 31, 47
List the prime factors of 5976.
2, 3, 83
What are the prime factors of 54947?
23, 2389
List the prime factors of 4893.
3, 7, 233
What are the prime factors of 26480?
2, 5, 331
List the prime factors of 29212.
2, 67, 109
What are the prime factors of 241?
241
List the prime factors of 447.
3, 149
What are the prime factors of 64?
2
What are the prime factors of 5967?
3, 13, 17
What are the prime factors of 10897?
17, 641
List the prime factors of 1897.
7, 271
What are the prime factors of 2039?
2039
List the prime factors of 7823.
7823
What are the prime factors of 84394?
2, 42197
What are the prime factors of 11240?
2, 5, 281
List the prime factors of 18474.
2, 3, 3079
What are the prime factors of 18715?
5, 19, 197
List the prime factors of 39205.
5, 7841
List the prime factors of 17686.
2, 37, 239
List the prime factors of 738.
2, 3, 41
List the prime factors of 23626.
2, 11813
What are the prime factors of 6920?
2, 5, 173
List the prime factors of 937.
937
List the prime factors of 23.
23
List the prime factors of 14958.
2, 3, 277
List the prime factors of 24623.
24623
List the prime factors of 63605.
5, 12721
What are the prime factors of 62967?
3, 139, 151
What are the prime factors of 1305?
3, 5, 29
What are the prime factors of 1830?
2, 3, 5, 61
What are the prime factors of 18529?
7, 2647
What are the prime factors of 1470?
2, 3, 5, 7
List the prime factors of 156.
2, 3, 13
What are the prime factors of 3648?
2, 3, 19
List the prime factors of 2593.
2593
What are the prime factors of 1069?
1069
What are the prime factors of 1472?
2, 23
List the prime factors of 12343.
12343
List the prime factors of 4040.
2, 5, 101
What are the prime factors of 260?
2, 5, 13
List the prime factors of 812.
2, 7, 29
What are the prime factors of 7588?
2, 7, 271
List the prime factors of 1922.
2, 31
List the prime factors of 77.
7, 11
List the prime factors of 2057.
11, 17
What are the prime factors of 845?
5, 13
List the prime factors of 77904.
2, 3, 541
What are the prime factors of 9322?
2, 59, 79
What are the prime factors of 7193?
7193
List the prime factors of 892.
2, 223
List the prime factors of 425.
5, 17
List the prime factors of 32798.
2, 23, 31
What are the prime factors of 918?
2, 3, 17
What are the prime factors of 8823?
3, 17, 173
List the prime factors of 2247.
3, 7, 107
What are the prime factors of 3306?
2, 3, 19, 29
What are the prime factors of 72932?
2, 18233
List the prime factors of 58661.
58661
List the prime factors of 1065.
3, 5, 71
What are the prime factors of 6094?
2, 11, 277
What are the prime factors of 21801?
3, 13, 43
List the prime factors of 57645.
3, 5, 7, 61
List the prime factors of 4323.
3, 11, 131
What are the prime factors of 5650?
2, 5, 113
List the prime factors of 3850.
2, 5, 7, 11
What are the prime factors of 18902?
2, 13, 727
What are the prime factors of 57825?
3, 5, 257
List the prime factors of 3519.
3, 17, 23
What are the prime factors of 629?
17, 37
What are the prime factors of 3161?
29, 109
List the prime factors of 10763.
47, 229
List the prime factors of 4330.
2, 5, 433
What are the prime factors of 2365?
5, 11, 43
List the prime factors of 743.
743
List the prime factors of 51600.
2, 3, 5, 43
What are the prime factors of 36255?
3, 5, 2417
What are the prime factors of 39825?
3, 5, 59
What are the prime factors of 1789?
1789
List the prime factors of 119520.
2, 3, 5, 83
What are the prime factors of 2315?
5, 463
List the prime factors of 857.
857
List the prime factors of 5719.
7, 19, 43
List the prime factors of 151213.
151213
What are the prime factors of 2732?
2, 683
List the prime factors of 5686.
2, 2843
List the prime factors of 11319.
3, 7, 11
What are the prime factors of 227?
227
What are the prime factors of 1385?
5, 277
What are the prime factors of 2216?
2, 277
What are the prime factors of 1626?
2, 3, 271
What are the prime factors of 4433?
11, 13, 31
What are the prime factors of 1810?
2, 5, 181
List the prime factors of 79540.
2, 5, 41, 97
What are the prime factors of 37205?
5, 7, 1063
List the prime factors of 1061.
1061
What are the prime factors of 1167?
3, 389
What are the prime factors of 1485?
3, 5, 11
List the prime factors of 2122.
2, 1061
List the prime factors of 2103.
3, 701
What are the prime factors of 27310?
2, 5, 2731
What are the prime factors of 933?
3, 311
List the prime factors of 31547.
31547
What are the prime factors of 148204?
2, 7, 67, 79
What are the prime factors of 467?
467
List the prime factors of 6131.
6131
List the prime factors of 133130.
2, 5, 13313
What are the prime factors of 2446?
2, 1223
List the prime factors of 5507.
5507
List the prime factors of 551.
19, 29
What are the prime factors of 5298?
2, 3, 883
List the prime factors of 9167.
89, 103
What are the prime factors of 68623?
163, 421
List the prime factors of 4539.
3, 17, 89
What are the prime factors of 18503?
18503
What are the prime factors of 951?
3, 317
List the prime factors of 359.
359
List the prime factors of 87061.
13, 37, 181
List the prime factors of 3384.
2, 3, 47
List the prime factors of 12216.
2, 3, 509
What are the prime factors of 13321?
7, 11, 173
List the prime factors of 137079.
3, 5077
List the prime factors of 2194.
2, 1097
List the prime factors of 992.
2, 31
What are the prime factors of 910?
2, 5, 7, 13
List the prime factors of 2560.
2, 5
List the prime factors of 85448.
2, 11, 971
What are the prime factors of 86876?
2, 37, 587
What are the prime factors of 1719?
3, 191
What are the prime factors of 15767?
15767
What are the prime factors of 4153?
4153
List the prime factors of 808.
2, 101
What are the prime factors of 17179?
41, 419
List the prime factors of 40137.
3, 17, 787
List the prime factors of 173.
173
What are the prime factors of 2523?
3, 29
List the prime factors of 61950.
2, 3, 5, 7, 59
List the prime factors of 449.
449
What are the prime factors of 6887?
71, 97
List the prime factors of 601.
601
What are the prime factors of 5599?
11, 509
List the prime factors of 146612.
2, 36653
List the prime factors of 5528.
2, 691
List the prime factors of 1400.
2, 5, 7
What are the prime factors of 738?
2, 3, 41
What are the prime factors of 2170?
2, 5, 7, 31
What are the prime factors of 13507?
13, 1039
List the prime factors of 101283.
3, 7, 13, 53
What are the prime factors of 10812?
2, 3, 17, 53
What are the prime factors of 295?
5, 59
List the prime factors of 4943.
4943
What are the prime factors of 99?
3, 11
What are the prime factors of 11577?
3, 17, 227
What are the prime factors of 924?
2, 3, 7, 11
What are the prime factors of 40096?
2, 7, 179
What are the prime factors of 10997?
7, 1571
List the prime factors of 975.
3, 5, 13
What are the prime factors of 259?
7, 37
What are the prime factors of 90732?
2, 3, 7561
What are the prime factors of 49261?
49261
What are the prime factors of 356?
2, 89
What are the prime factors of 114169?
11, 97, 107
What are the prime factors of 11609?
13, 19, 47
List the prime factors of 2578.
2, 1289
What are the prime factors of 1004?
2, 251
List the prime factors of 1664.
2, 13
What are the prime factors of 1154?
2, 577
List the prime factors of 2138.
2, 1069
What are the prime factors of 821?
821
What are the prime factors of 47443?
11, 19, 227
List the prime factors of 4354.
2, 7, 311
List the prime factors of 68505.
3, 5, 4567
List the prime factors of 13085.
5, 2617
What are the prime factors of 41004?
2, 3, 17, 67
List the prime factors of 13072.
2, 19, 43
What are the prime factors of 14178?
2, 3, 17, 139
List the prime factors of 9054.
2, 3, 503
List the prime factors of 2103.
3, 701
What are the prime factors of 488?
2, 61
List the prime factors of 1352.
2, 13
What are the prime factors of 105954?
2, 3, 17659
What are the prime factors of 2196?
2, 3, 61
List the prime factors of 3756.
2, 3, 313
List the prime factors of 17657.
17657
What are the prime factors of 1620?
2, 3, 5
List the p